e -52*d - 2100 = -x*d. Calculate the greatest common divisor of 40 and d.
20
Let l = -3 + 7. Suppose l*b = -5*j + 25, 2*b + 3 - 17 = -4*j. Let g be 0 - 25*(0 + -1). Calculate the highest common divisor of b and g.
5
Let i(x) = -x**2 - 231*x - 896. Let r be i(-127). What is the highest common factor of r and 24?
24
Let r(v) = v**2 + 17*v + 22. Let d be r(-7). Let m be 504*(d/(-32) + 2/(-4)). What is the greatest common divisor of m and 56?
56
Let p(z) = -134*z + 3746. Let k be p(-4). What is the highest common divisor of 2 and k?
2
Let z = 161 + 227. Calculate the highest common factor of z and 4.
4
Let h(b) = b**3 - 6*b**2 + 7*b - 7. Let g be 9*(-1 - (-10)/6). Let m be h(g). Let z be 6 + -4 + 1 + (269 - 267). What is the highest common factor of m and z?
5
Suppose -338 - 1198 = -3*t. Suppose -2*g + 10*g = t. What is the greatest common factor of g and 48?
16
Let r be (4 - (-13 - -8) - 6)*340/3. Calculate the highest common factor of 2260 and r.
20
Let f(h) = 2*h**2 - 25*h + 15. Let z be f(20). Suppose 11*b = 14*b - z. Calculate the highest common factor of 45 and b.
15
Let z = 39 + 60. Let h be 9*(13 - (12 - 0)). Calculate the highest common divisor of h and z.
9
Suppose -o - 126 = -r - 0*r, -3*r = 5*o + 622. Let i = 134 + o. Calculate the greatest common factor of i and 99.
9
Suppose 275*r - 698 = -2*s + 273*r, 4*r = 5*s - 1700. Calculate the highest common factor of 3483 and s.
43
Let x be 169 + (1 - 0) - 0. Suppose 21*v + 17 = -25. Let u be (-3*2/6 - 19)/v. What is the greatest common divisor of u and x?
10
Suppose 14*v + 20 + 64 = 0. Let l(c) = -65*c - 84. Let y be l(v). What is the highest common factor of y and 18?
18
Suppose 0 = 11*s - 7*s - 28, -2*h = s - 847. What is the highest common divisor of 2016 and h?
84
Let t(b) = -b**3 - 13*b**2 + 42*b + 23. Let f be t(-17). Suppose -5*z + 30 = -45. Calculate the greatest common factor of f and z.
15
Suppose -2 = -r, -4*i - 5*r + 1430 = 48. Let x = i - 330. Calculate the highest common divisor of x and 104.
13
Let o be (-3 - -37)*860/86. What is the highest common factor of 5508 and o?
68
Let c = 15913 + -14889. What is the greatest common factor of 40 and c?
8
Suppose -3*b - 5*v + 925 = 0, 0 = -0*b + 4*b - 5*v - 1280. Suppose 0 = -6*l - l - b. Let k = -18 - l. Calculate the highest common divisor of k and 216.
27
Let d = 579 - -69. Suppose 1435*y = 1429*y + d. Calculate the highest common factor of 198 and y.
18
Let o(r) = 141*r - 558. Let j be o(6). Calculate the greatest common divisor of j and 64.
32
Let f(h) = -h + 7. Let i be f(5). Let p(z) = 6202*z + 31026. Let m be p(-5). Calculate the greatest common divisor of m and i.
2
Let o(c) = c**3 + 34*c**2 + 30*c + 75. Let f be o(-33). Calculate the greatest common divisor of f and 42.
6
Let i(g) = -2*g - 9. Let l be i(5). Let h(j) = 37*j**2 + 7*j + 17. Let o be h(-2). Let r = o - l. Calculate the greatest common factor of r and 10.
10
Suppose -4*x - 177*q + 1714 = -179*q, 4*q + 854 = 2*x. Calculate the greatest common factor of 528 and x.
33
Suppose 0 = -3*l + 21 - 6, 0 = 5*b + 3*l + 70. Let w = b - -80. Calculate the highest common divisor of 9 and w.
9
Suppose -5*h + 18266 = -4*q, -38*q + 33*q + 7346 = 2*h. Calculate the highest common factor of h and 62.
62
Suppose 12*m = -5*t + 9*m + 30, -22 = -4*t - 2*m. Suppose -4*a = -3*u + 443 + 713, t*u - 1150 = -2*a. What is the greatest common factor of u and 48?
48
Let u(m) = -2*m**2 - 123*m - 618. Let t be u(-54). What is the highest common factor of t and 576?
192
Let x = 5164 - 5043. What is the highest common factor of x and 1804?
11
Let o be (24/(-20))/((-1)/5). Let b = -157 + 106. Let y = -49 - b. Calculate the greatest common divisor of o and y.
2
Suppose 4*c - 3*u = 3307, -3*u + 346 - 1175 = -c. What is the greatest common divisor of c and 182?
14
Suppose -36*d = -46*d - 60. Let g be (9/d)/((-2)/((-200)/(-15))). Calculate the highest common factor of g and 830.
10
Let u(i) = 131*i**2 - 220*i + 33. Let v be u(-4). What is the highest common divisor of 459 and v?
51
Let m = -7304 - -7399. What is the highest common divisor of 1292 and m?
19
Suppose -w + b = -137, 86*w - 417 = 83*w + 5*b. What is the greatest common divisor of w and 7906?
134
Let o be 11/(-143) + (-288)/(-26). Suppose 18*k - o*k - 560 = 0. Let m(v) = -v**3 - 5*v**2 - v. Let w be m(-5). Calculate the highest common factor of w and k.
5
Suppose -3*u = 0, 51*u = q + 55*u - 1336. Calculate the greatest common divisor of q and 32.
8
Suppose 6151 = 4*p + 5*q, -95*q = -4*p - 91*q + 6160. What is the greatest common divisor of 18 and p?
9
Suppose 0*u + 5*n + 17501 = 9*u, -u - 5*n = -1939. What is the greatest common divisor of 48 and u?
24
Suppose 3*p + 15 = -k + 103, 2*p - 48 = 2*k. Let r be (-62)/(-217) - 2642/p*-2. Calculate the highest common divisor of 42 and r.
21
Let k be (-4)/(20 - 1824/90). Calculate the greatest common factor of k and 52995.
15
Suppose -57*k + 1923 = -7688 - 4183. What is the highest common divisor of 66 and k?
22
Let w(q) be the third derivative of -q**5/20 - q**4 + 5*q**3/6 - 43*q**2. Let f be w(-8). Let c = 9 - f. What is the highest common factor of c and 8?
4
Let k(q) = -q**3 - 6*q**2 - 33*q - 248. Let a be k(-7). What is the highest common factor of a and 144?
16
Let o(p) = -7*p - 30. Let j be o(9). Let k = j + 89. Let s be (k - 1)/(13/(-351)). Calculate the greatest common divisor of 15 and s.
15
Let w be ((-9)/(-108))/(2/24). Let u(v) = -5 + 50*v**2 + 56*v**2 - 19*v**2 - 6*v + 10*v. Let p be u(w). Calculate the greatest common factor of 43 and p.
43
Let j(v) = -2*v**2 + 11*v - 32. Let a be j(-7). Let m be (a/(-18) - 9)*4. What is the greatest common divisor of 1490 and m?
10
Suppose 4*n = 12, 2*c - 21*n = -20*n + 77. Calculate the greatest common factor of c and 8920.
40
Suppose -154 - 56 = -15*g. Suppose -g*h + 17*h - 2064 = -3*u, -3*h + 3450 = 5*u. Calculate the greatest common factor of u and 11.
11
Let p = -20740 - -20750. Let c(d) = -2*d + d**2 + 6*d + d**2. Let x be c(-5). Calculate the greatest common factor of p and x.
10
Let x be 6/(-21) - (-138)/42. Suppose -7 = k + 3*j, 4*k + 4*j = x*k - 10. What is the greatest common divisor of 8 and k?
2
Let s be (11 + -1)*14*2/84*102. What is the greatest common divisor of 68 and s?
68
Suppose -2*g - 10791 - 2674 = -q, -g - 53895 = -4*q. What is the greatest common factor of 245 and q?
245
Suppose -639*m + 388*m + 210840 = 0. Suppose -4 - 2 = -2*o + 2*p, 40 = 4*o + 3*p. Calculate the highest common divisor of o and m.
7
Suppose -70*k - 42 = -63*k. Let u be 1*(6 + 33 + k). What is the highest common factor of 143 and u?
11
Let f = 15703 - 12921. Calculate the highest common factor of 39 and f.
13
Let o = -209 - -417. Suppose 14*l + 45 - 773 = 0. Calculate the highest common divisor of o and l.
52
Let i(a) = -2*a**3 - 9*a**2 + 38*a + 180. Let d be i(-8). What is the highest common divisor of 1782 and d?
162
Let a be (-35)/105 + (-40)/(-12). What is the highest common divisor of a and 7311?
3
Let d be ((-120)/(-192)*16)/2. What is the greatest common divisor of 4535 and d?
5
Let i = 13 - -47. Suppose -4 = 4*a, 6*u - 2*u - 2*a - 10 = 0. Suppose u*z - 3*w - 68 = 2*w, 3*z - 56 = -4*w. What is the greatest common divisor of z and i?
12
Let i(f) = f**3 - 2*f**2 + 37*f - 29. Let j be i(8). Calculate the highest common divisor of 147 and j.
21
Suppose 77 - 61 = 2*f. Let t be 3/(-9)*0 + -5 + f. Calculate the highest common divisor of 2 and t.
1
Suppose -3*b + 916 = -b - d, 5*d = -2*b + 892. Suppose -5*g - 2*y + 293 = 0, -74 = -3*g + 2*y + 89. What is the highest common divisor of g and b?
57
Let h(l) = l + 1. Let g be h(4). Suppose 0 = -j - c - 34, -4*j - 180 = j - g*c. Let r be (-49)/j*(2 - -3). What is the greatest common divisor of 56 and r?
7
Suppose 1104*s = 1125*s - 62234 - 79831. What is the greatest common factor of s and 328?
41
Let c be (4 + 2)/((-1)/(-4)). Let y = c - 3. Let g = 573 - 559. Calculate the highest common divisor of y and g.
7
Suppose z - 1 = 5*g, -32*g = -2*z - 30*g + 18. Suppose -79 = -z*p + 108. What is the highest common divisor of 272 and p?
17
Let k = 547 + -206. Let g = k - 333. Calculate the highest common divisor of g and 248.
8
Let k(b) = -414*b + 764. Let s be k(-5). What is the highest common factor of s and 218?
218
Sup